 is the ten thousands digit of 894480435?
8
What is the hundred thousands digit of 36140812?
1
What is the hundred thousands digit of 269757447?
7
What is the millions digit of 1547902560?
7
What is the tens digit of 280395127?
2
What is the units digit of 153582715?
5
What is the ten thousands digit of 153505380?
0
What is the millions digit of 5986217183?
6
What is the millions digit of 6195067?
6
What is the ten millions digit of 53475097?
5
What is the units digit of 50590713?
3
What is the millions digit of 144513718?
4
What is the hundred millions digit of 162475368?
1
What is the millions digit of 298713203?
8
What is the units digit of 2330255487?
7
What is the tens digit of 501317467?
6
What is the units digit of 799132072?
2
What is the tens digit of 475088856?
5
What is the ten thousands digit of 24686770?
8
What is the hundred millions digit of 3701388589?
7
What is the ten millions digit of 6890469526?
9
What is the thousands digit of 2152377?
2
What is the units digit of 1172425897?
7
What is the hundreds digit of 3181250603?
6
What is the units digit of 124434013?
3
What is the millions digit of 170809808?
0
What is the hundred thousands digit of 33454909?
4
What is the millions digit of 35089030?
5
What is the billions digit of 1558751256?
1
What is the millions digit of 3959538174?
9
What is the tens digit of 679711727?
2
What is the units digit of 100810851?
1
What is the hundred thousands digit of 396711095?
7
What is the ten thousands digit of 2655377811?
7
What is the thousands digit of 11863968?
3
What is the ten millions digit of 402220442?
0
What is the ten millions digit of 140365214?
4
What is the millions digit of 56968494?
6
What is the millions digit of 557372363?
7
What is the units digit of 998018332?
2
What is the millions digit of 433092965?
3
What is the hundreds digit of 88169783?
7
What is the millions digit of 223973704?
3
What is the units digit of 418036097?
7
What is the ten millions digit of 17660740?
1
What is the thousands digit of 632791445?
1
What is the ten thousands digit of 12472355?
7
What is the hundreds digit of 878504226?
2
What is the tens digit of 6212997?
9
What is the units digit of 32609771?
1
What is the thousands digit of 960244045?
4
What is the units digit of 61541317?
7
What is the millions digit of 163372883?
3
What is the hundreds digit of 110928289?
2
What is the ten thousands digit of 392758687?
5
What is the units digit of 51602441?
1
What is the tens digit of 126208752?
5
What is the hundred thousands digit of 147857802?
8
What is the tens digit of 52752217?
1
What is the tens digit of 46979276?
7
What is the ten millions digit of 24236652?
2
What is the units digit of 402387175?
5
What is the units digit of 276932478?
8
What is the thousands digit of 300754457?
4
What is the ten millions digit of 36725773?
3
What is the thousands digit of 37222347?
2
What is the hundred thousands digit of 444244486?
2
What is the ten thousands digit of 130829469?
2
What is the hundreds digit of 2995175887?
8
What is the ten millions digit of 2893035911?
9
What is the tens digit of 114876977?
7
What is the ten millions digit of 121818403?
2
What is the ten thousands digit of 22823445?
2
What is the units digit of 8725774271?
1
What is the hundred millions digit of 147638474?
1
What is the billions digit of 1876516111?
1
What is the ten thousands digit of 38490232?
9
What is the hundred thousands digit of 217968104?
9
What is the tens digit of 2398488459?
5
What is the units digit of 156519939?
9
What is the millions digit of 806791535?
6
What is the tens digit of 1791319157?
5
What is the tens digit of 1400207391?
9
What is the thousands digit of 177519614?
9
What is the units digit of 316984145?
5
What is the hundred millions digit of 164843777?
1
What is the ten thousands digit of 35871919?
7
What is the units digit of 19643359?
9
What is the hundreds digit of 40389010?
0
What is the hundreds digit of 20253634?
6
What is the ten thousands digit of 2481207999?
0
What is the tens digit of 625496516?
1
What is the billions digit of 1219857446?
1
What is the millions digit of 68590841?
8
What is the hundred thousands digit of 2377546262?
5
What is the tens digit of 1498607999?
9
What is the hundred thousands digit of 495397194?
3
What is the thousands digit of 1554503449?
3
What is the hundred millions digit of 368453139?
3
What is the hundreds digit of 34156998?
9
What is the hundred thousands digit of 6782331?
7
What is the ten thousands digit of 72516116?
1
What is the hundreds digit of 4851046319?
3
What is the hundreds digit of 212067186?
1
What is the units digit of 171764394?
4
What is the ten thousands digit of 48645522?
4
What is the thousands digit of 15428834?
8
What is the thousands digit of 699171423?
1
What is the ten thousands digit of 2077216220?
1
What is the hundreds digit of 1943739773?
7
What is the billions digit of 1753181739?
1
What is the ten millions digit of 434358949?
3
What is the hundreds digit of 51863923?
9
What is the hundred thousands digit of 1654627747?
6
What is the tens digit of 480021272?
7
What is the hundred millions digit of 1690759137?
6
What is the thousands digit of 32465496?
5
What is the thousands digit of 150840988?
0
What is the thousands digit of 673223528?
3
What is the ten millions digit of 2380667593?
8
What is the hundred thousands digit of 46990516?
9
What is the units digit of 161791608?
8
What is the thousands digit of 521422016?
2
What is the thousands digit of 2933812043?
2
What is the units digit of 175788052?
2
What is the tens digit of 2826371414?
1
What is the hundred millions digit of 750852410?
7
What is the hundreds digit of 343051716?
7
What is the hundred millions digit of 259889686?
2
What is the ten millions digit of 34556154?
3
What is the ten millions digit of 512551881?
1
What is the hundreds digit of 468086238?
2
What is the hundred thousands digit of 213040390?
0
What is the thousands digit of 146445067?
5
What is the hundreds digit of 1006469795?
7
What is the hundred thousands digit of 56428787?
4
What is the hundreds digit of 58705159?
1
What is the hundred thousands digit of 2191431788?
4
What is the ten thousands digit of 594426237?
2
What is the hundred thousands digit of 24499850?
4
What is the thousands digit of 2554244207?
4
What is the millions digit of 1399357207?
9
What is the tens digit of 13339899?
9
What is the units digit of 705566501?
1
What is the millions digit of 133139269?
3
What is the hundreds digit of 6084214976?
9
What is the tens digit of 222293421?
2
What is the units digit of 5839246?
6
What is the hundreds digit of 5428875?
8
What is the hundreds digit of 42337792?
7
What is the billions digit of 1449150883?
1
What is the millions digit of 587329166?
7
What is the hundreds digit of 465296845?
8
What is the thousands digit of 3555770189?
0
What is the units digit of 1373188005?
5
What is the units digit of 1004582514?
4
What is the millions digit of 114989806?
4
What is the hundred millions digit of 453274303?
4
What is the thousands digit of 36678567?
8
What is the thousands digit of 418225901?
5
What is the ten millions digit of 971861834?
7
What is the tens digit of 542714063?
6
What is the millions digit of 604413336?
4
What is the billions digit of 3921702527?
3
What is the ten thousands digit of 29441913?
4
What is the hundred thousands digit of 3048026459?
0
What is the hundred thousands digit of 81877196?
8
What is the tens digit of 1957120753?
5
What is the tens digit of 19261129?
2
What is the hundreds digit of 3795040353?
3
What is the tens digit of 109327331?
3
What is the hundred thousands digit of 328729770?
7
What is the thousands digit of 87803126?
3
What is the hundred millions digit of 100873900?
1
What is the thousands digit of 198081462?
1
What is the millions digit of 230408418?
0
What is the tens digit of 103800738?
3
What is the tens digit of 43855016?
1
What is the hundreds digit of 53066645?
6
What is the hundred thousands digit of 86605543?
6
What is the millions digit of 1610715880?
0
What is the hundred thousands digit of 7780993?
7
What is the hundred thousands digit of 967333671?
3
What is the units digit of 1146131186?
6
What is the ten millions digit of 98014